03 = 6643. List the prime factors of n.
3, 5, 89
Suppose -15*l - 12943 - 59287 = -5*r, 0 = -3*r - l + 43328. What are the prime factors of r?
11, 13, 101
Let b(j) = j + 6. Let i be b(0). Let s be (42/(-70))/((-1)/(-5)*-1). Suppose x + s*f = 66, -i*f + 3*f + 3 = 0. List the prime factors of x.
3, 7
Let u = 104 - 151. Let m = 237 - u. Suppose -2*d + m = 16. What are the prime factors of d?
2, 67
What are the prime factors of 45/30*(-6208)/(-6) + -7?
3, 5, 103
Suppose -12*t + 30 = -6*t. Suppose -4*m - 30 = -5*f, f + 3*m = t*m. Suppose 11*j - 245 = f*j. List the prime factors of j.
5, 7
Let b = 68418 + -24658. List the prime factors of b.
2, 5, 547
Let a be 15642/(-165)*(-10)/(-3). Let g = -81 - a. What are the prime factors of g?
5, 47
Let b be -9777*((-70)/(-21) - 4). Suppose -18*k + b = -2590. List the prime factors of k.
2, 11, 23
Suppose 0 = -5*l - 5*y + 37 - 737, 3*l - 2*y + 410 = 0. Let u = l + 411. What are the prime factors of u?
3, 7, 13
Suppose 5*l = 6*x - 202671, -3*x = -2*l + 3*l - 101346. What are the prime factors of x?
11, 37, 83
Let i(u) = 2*u**3 - 5*u**2 - u + 4. Let p = 91 - 90. Suppose -2*d + 5 = -h - p, -h + 18 = 4*d. List the prime factors of i(d).
2, 3
Suppose 44*w = 2*w + 168. Suppose -w*o + 778 = -742. What are the prime factors of o?
2, 5, 19
Suppose -30406 = 33*d - 38*d + 3*u, -12160 = -2*d + 2*u. List the prime factors of d.
7, 11, 79
Let c be (-5)/10 + 7364/8. Suppose c = j + 4*w, 4*j - 4*w - 1876 = 2*j. What are the prime factors of j?
2, 233
What are the prime factors of (17 - 22)/((-5)/70591)?
73, 967
Let t be (4 - -429)/((-3)/6). What are the prime factors of (-3 + (-81)/(-9))*t/(-6)?
2, 433
Let y(a) = 23692*a + 735. What are the prime factors of y(2)?
48119
Let x = 23757 - 16747. List the prime factors of x.
2, 5, 701
Suppose 98 = 5*v - 2*g, -2*g - 20 = -2*v + 18. Let f(q) = v*q + 6 + 11 - 3*q**2 + 4 + 2*q**2. List the prime factors of f(15).
2, 3
Let h = -1 - -13. What are the prime factors of h*(-3 - -86) + -4?
2, 31
Suppose 4*o + 5*v = 26848, -24601 + 4471 = -3*o - 3*v. What are the prime factors of o?
2, 3, 1117
Let h(g) = -g**2 - 133*g + 72*g - 21 + 71*g. Let q be h(6). List the prime factors of (q - 6) + 124 + -3.
2, 59
Let y = -12700 + 18126. What are the prime factors of y?
2, 2713
Let f = 22196 + -9527. List the prime factors of f.
3, 41, 103
Suppose -86*g + 184*g - 86232 = 92*g. List the prime factors of g.
2, 3593
Let i be (-1)/(-4) + (-3549)/(-12). Let g = 478 - i. List the prime factors of g.
2, 7, 13
Suppose -5*d = 3*h + 10, 33*d = -3*h + 35*d + 25. Suppose 0 = 2*c - i - 50 - 2335, -h*i - 3595 = -3*c. What are the prime factors of c?
2, 5, 7, 17
Let o = -654 + 608. What are the prime factors of (-38847)/o - 3/6?
2, 211
Let o(y) = 29*y**3 + 8*y**2 + 3*y + 17. Let f be o(5). Suppose -7*u + f - 1491 = 0. What are the prime factors of u?
2, 13
What are the prime factors of 7724 - (-12)/30*-10?
2, 5, 193
Let t(v) = 2*v**2 - 100*v - 139. List the prime factors of t(91).
3, 2441
Suppose 11*o + 10655 = 2*f + 8*o, -f + 5360 = 5*o. What are the prime factors of f?
5, 11, 97
Let r(c) = -23*c - 3. Let j(a) = a - 17. Let h be j(12). Let b be r(h). Suppose -b = 22*m - 26*m. What are the prime factors of m?
2, 7
Suppose 2*q - 2 = -3*o, -1 = 5*o - 5*q + 4. Suppose o = s - 70 - 59. List the prime factors of s.
3, 43
Let k(n) = 30*n - 144. Let b be k(17). Suppose 4*y + 4 = -3*o, -5*y = -3*y + o. Suppose -4*z = -l - 0*l - 752, -y*z = -3*l - b. What are the prime factors of z?
3, 7
Suppose 3*l = -4*g + 46213 + 103307, g = -6. What are the prime factors of l?
2, 3, 31, 67
Let p be 10/50 - (11619/(-15))/(-3). Let c = p - -264. What are the prime factors of c?
2, 3
Let g = 146 - 144. Suppose -4*t - 221 = -z, 0 = -2*t + t + g. List the prime factors of z.
229
Let o(p) = 10510*p**2 - 156*p + 156. List the prime factors of o(1).
2, 5, 1051
Let q be 20412/22 + 19/(3553/34). Suppose 0 = 3*y - q - 407. List the prime factors of y.
5, 89
Let u = 5852 - 4241. What are the prime factors of u?
3, 179
Let k be (-132)/(-308) - (-302)/14. What are the prime factors of 1 + (-2338)/(-4) + (-11)/k?
3, 5, 13
List the prime factors of (-1710)/(-3) + -37 + 42.
5, 23
Let x(v) = -v**3 - 2*v**2 + 3*v. Let a be x(-3). Suppose 5*j - 1 = 4*g, 0 = -g - a*g - j + 11. List the prime factors of (4/(-2))/(1/(g/(-2))).
2, 3
Let u(o) be the third derivative of o**6/120 - 3*o**5/10 - o**4 - 6*o**3 - 69*o**2. What are the prime factors of u(20)?
2, 71
Let y be (-9572)/26 + 6 + 380/(-65). Let r(v) = -4*v**2 + 14*v. Let j be r(10). Let s = j - y. List the prime factors of s.
2, 3
Let i be (0 + -4)*4*5/(-10). Suppose -3*f - q - 4 = 0, 2*f + 0*f + i = -2*q. List the prime factors of 61/((-4 - f)/(-8)).
2, 61
Let b(d) = 16*d**2 - 25*d - 446. What are the prime factors of b(-18)?
2, 1297
Let s(u) = -2*u**3 - 4*u**2 + 11*u + 8. Let f be s(-9). Suppose 93*n = 94*n - f. List the prime factors of n.
7, 149
Suppose -156*m - 265020 = -191*m. What are the prime factors of m?
2, 3, 631
Let f(y) = 232*y**2 - 21*y - 1. List the prime factors of f(-6).
7, 173
Let i(f) = 11 - 23*f - 16 + 6 + 10. Let r be i(-7). Let d = r - 65. List the prime factors of d.
107
Let g(z) = z**2 - 30*z - 133. Let d be g(34). Suppose 3*q + 3*l - 2662 = -685, 0 = d*l + 12. What are the prime factors of q?
3, 13, 17
Let q be 8/(-10)*4/(-8)*10. Let d be (q/8)/(15/6 + -2). List the prime factors of d + 36 + 7 + -6 + -1.
37
Let h be 11*(-1 - (-1 + 3)). Let k = 38 + h. Suppose 4*x = -3*d + 50, -4*x + 9*x = -k*d + 75. What are the prime factors of d?
2, 5
Suppose 0 = 15*y - 21*y - 108. List the prime factors of -69*9*12/y.
2, 3, 23
Suppose -66*d + 75*d = 81. Suppose -4*h + 3414 = 5*k, -k - d = -11. List the prime factors of h.
23, 37
What are the prime factors of 676/(-26)*-1*(-412)/(-8)?
13, 103
Suppose 2*n = -3*n - 20. Let r be (-6)/n*-2*32/(-24). Suppose -i + 2*y - 5*y - r = 0, -2*i + 7 = 3*y. What are the prime factors of i?
11
Let h(d) = 10507*d**3 - 53*d + 52. List the prime factors of h(1).
2, 3, 17, 103
Let j(k) = 383*k - 200. Let u be j(7). Let f = u - 1196. List the prime factors of f.
5, 257
Let d(z) = -17473*z - 83. What are the prime factors of d(-2)?
3, 11621
Let b(d) = 1064*d - 944. List the prime factors of b(12).
2, 739
Let i(a) = 6*a**3 - 3*a**2 + 5*a - 7. Let c be i(2). Suppose 41*f + 6 = c*f. Let r(g) = -79*g - 17. What are the prime factors of r(f)?
2, 5, 11
Let v = -21 + 5. Let o = 918 + -877. Let h = o + v. List the prime factors of h.
5
Let d(r) be the second derivative of r**5/20 - 13*r**4/6 + 31*r**2/2 + r. Let h be (330/(-275))/(3/(-65)). List the prime factors of d(h).
31
Let g be 64/(-12) + 4/(-6). What are the prime factors of ((-4448)/g)/((-60)/(-90))?
2, 139
Suppose 0*x + 1145 = x + 2*z, 4*x + 3*z - 4555 = 0. List the prime factors of x.
5, 227
Let q(s) = 11*s - 69. Let d be q(-20). Let v = d + 678. List the prime factors of v.
389
Let g = -708 + 1323. Let b = -402 + g. Suppose 3*f = -5*h + 640, -2*f = -h - 218 - b. List the prime factors of f.
5, 43
Let q = -5843 - -10809. What are the prime factors of q?
2, 13, 191
Let w(a) = 2*a + 39. Let i be w(-21). Let m be (3/i)/(2/(-12)). Suppose -3*l = m, -4*r - 7*l = -2*l - 406. List the prime factors of r.
2, 13
Suppose 0 = 4*s - 12 + 12. Suppose d - 3*d + 226 = s. List the prime factors of d.
113
Let i be (26/22 - 1) + 2280/44. Suppose i*t + 3264 = 48*t. What are the prime factors of (t/(-85))/(6/20)?
2
Suppose 9 = -o - 3*m + 3, 4*m + 8 = -5*o. Let y(x) = x**3 - 8*x**2 - x + 1147. What are the prime factors of y(o)?
31, 37
Let q(c) = -c - 15. Let p be q(-5). Let i be (405/12)/(p/(-40)). Suppose -4*v = v - i. List the prime factors of v.
3
Let a(k) be the third derivative of k**6/120 - k**5/60 - k**4/6 - 235*k**3/6 + 11*k**2. Let f be a(0). Let m = f - -458. List the prime factors of m.
223
Let v(b) be the first derivative of b**3 - 9/2*b**2 + 0*b + 29. What are the prime factors of v(5)?
2, 3, 5
Let c(f) = -33*f**3 - 12*f**2 + 51*f + 138. List the prime factors of c(-11).
2, 3, 73
List the prime factors of ((2 + -4 - 8) + 9)*1 + 18639.
2, 9319
Suppose 2*p - 16779 = -3*p + 71741. What are the prime factors of p?
2, 2213
List the prime factors of (12014 - -1 - 8) + 1.
2, 19, 79
Let o(p) = -p**3 - 27*p**2 + 28*p + 6. Let x(